{"id":20,"date":"2016-03-02T11:33:21","date_gmt":"2016-03-02T10:33:21","guid":{"rendered":"http:\/\/kunstexpertin-mosel.de\/?page_id=20"},"modified":"2025-09-15T10:18:19","modified_gmt":"2025-09-15T09:18:19","slug":"seite-3","status":"publish","type":"page","link":"https:\/\/kunstexpertin-mosel.de\/?page_id=20","title":{"rendered":"Qualifikationen"},"content":{"rendered":"<p>\u2022 <strong>fundierte wissenschaftlich-akademische Ausbildung<\/strong> durch Kunstgeschichtsstudium mit Magisterabschluss<br \/>\n\u2022 <strong>praktische Berufserfahrung im Kunsthandel<\/strong> durch langj\u00e4hrige Arbeit f\u00fcr verschiedene deutsche Auktionsh\u00e4user und Kunsth\u00e4ndler<br \/>\n\u2022 Erfahrungen mit <strong>K\u00fcnstlern und Kunsthandwerk der Region<\/strong> sowie <strong>internationale Vernetzung<\/strong> mit Wissenschaft und Handel<\/p>\n<p>\u2022 <strong>umfangreiches Fachwissen<\/strong> \u00fcber Gem\u00e4lden, Zeichnungen, Graphiken und Kunstgegenst\u00e4nden aus Europa und Ostasien<br \/>\n\u2022 <strong>stete Fort- und Weiterbildung<\/strong> im weiten Spektrum von Kunst und Antiquit\u00e4ten zur Vertiefung und Ausbau der Kenntnisse: im Bereich <strong>ostasiatischer Kunst<\/strong> (Zentrum f\u00fcr Ostasien-Pazifik-Studien, Universit\u00e4t Trier), <strong>Ikonen<\/strong> (Seminar des Ikonenmuseums Schloss Autenried), zu <strong>Perlen und organischen Substanzen<\/strong> (Perlen, Zuchtperlen, Korallen, Bernstein und Elfenbein) bei der Deutschen Gemmologischen Gesellschaft e. V. in Idar-Oberstein, \u00fcber <strong>historischen Schmuck<\/strong> bei der Stiftung Deutsches Diamant Institut in Pforzheim und \u00fcber <strong>Glasproduktion<\/strong> bei der Glash\u00fctte Lamberts in Waldsassen (via Deutsche Stiftung Denkmalschutz) &#8211; sowie regelm\u00e4\u00dfige Teilnahme an <strong>Kunstsachverst\u00e4ndigentagungen<\/strong><\/p>\n<p>\u2022 Mitglied im <a href=\"http:\/\/www.kunstgeschichte.org\" target=\"_blank\" rel=\"noopener\"><strong>Deutschen Verband f\u00fcr Kunstgeschichte e. V.<\/strong><\/a> und im <a href=\"https:\/\/www.bv-kunstsv.de\/\" target=\"_blank\" rel=\"noopener\"><strong>Berufsverband der Kunstsachverst\u00e4ndigen e. V.\u2028\u2028<\/strong><\/a><\/p>\n<p>\u2022 <strong>fundierte und breitgef\u00e4cherte Katalogisierungserfahrung<\/strong> durch langj\u00e4hrige Arbeit im Kunsthandel<br \/>\n\u2022 Fortbildung in <strong>musealer Inventarisierung und Dokumentation<\/strong> bei der Fortbildungsplattform <a href=\"https:\/\/www.museon.uni-freiburg.de\/\" target=\"_blank\" rel=\"noopener\">museOn<\/a> der Universit\u00e4t Freiburg<br \/>\n\u2022 Spezialinteressensgebiet <strong>ostasiatisches Kunsthandwerk<\/strong><\/p>\n","protected":false},"excerpt":{"rendered":"<p>\u2022 fundierte wissenschaftlich-akademische Ausbildung durch Kunstgeschichtsstudium mit Magisterabschluss \u2022 praktische Berufserfahrung im Kunsthandel durch langj\u00e4hrige Arbeit f\u00fcr verschiedene deutsche Auktionsh\u00e4user und Kunsth\u00e4ndler \u2022 Erfahrungen mit K\u00fcnstlern und Kunsthandwerk der Region sowie internationale Vernetzung mit Wissenschaft und Handel \u2022 umfangreiches Fachwissen \u00fcber Gem\u00e4lden, Zeichnungen, Graphiken und Kunstgegenst\u00e4nden aus Europa und Ostasien \u2022 stete Fort- und Weiterbildung &hellip; <a href=\"https:\/\/kunstexpertin-mosel.de\/?page_id=20\" class=\"more-link\"><span class=\"screen-reader-text\">Qualifikationen<\/span> weiterlesen<\/a><\/p>\n","protected":false},"author":1,"featured_media":1549,"parent":0,"menu_order":0,"comment_status":"closed","ping_status":"closed","template":"","meta":{"footnotes":""},"class_list":["post-20","page","type-page","status-publish","has-post-thumbnail","hentry"],"_links":{"self":[{"href":"https:\/\/kunstexpertin-mosel.de\/index.php?rest_route=\/wp\/v2\/pages\/20","targetHints":{"allow":["GET"]}}],"collection":[{"href":"https:\/\/kunstexpertin-mosel.de\/index.php?rest_route=\/wp\/v2\/pages"}],"about":[{"href":"https:\/\/kunstexpertin-mosel.de\/index.php?rest_route=\/wp\/v2\/types\/page"}],"author":[{"embeddable":true,"href":"https:\/\/kunstexpertin-mosel.de\/index.php?rest_route=\/wp\/v2\/users\/1"}],"replies":[{"embeddable":true,"href":"https:\/\/kunstexpertin-mosel.de\/index.php?rest_route=%2Fwp%2Fv2%2Fcomments&post=20"}],"version-history":[{"count":44,"href":"https:\/\/kunstexpertin-mosel.de\/index.php?rest_route=\/wp\/v2\/pages\/20\/revisions"}],"predecessor-version":[{"id":1550,"href":"https:\/\/kunstexpertin-mosel.de\/index.php?rest_route=\/wp\/v2\/pages\/20\/revisions\/1550"}],"wp:featuredmedia":[{"embeddable":true,"href":"https:\/\/kunstexpertin-mosel.de\/index.php?rest_route=\/wp\/v2\/media\/1549"}],"wp:attachment":[{"href":"https:\/\/kunstexpertin-mosel.de\/index.php?rest_route=%2Fwp%2Fv2%2Fmedia&parent=20"}],"curies":[{"name":"wp","href":"https:\/\/api.w.org\/{rel}","templated":true}]}}